divided by 531327.
11
What is the remainder when 73349 is divided by 2956?
2405
What is the remainder when 600832 is divided by 799?
783
What is the remainder when 19004048 is divided by 1367?
14
Calculate the remainder when 28564354 is divided by 8441.
10
What is the remainder when 540280 is divided by 2785?
2775
Calculate the remainder when 78066844 is divided by 999.
988
What is the remainder when 39771 is divided by 19868?
35
Calculate the remainder when 254125 is divided by 581.
228
Calculate the remainder when 232327862 is divided by 49.
46
What is the remainder when 633869 is divided by 8688?
8333
What is the remainder when 29811329 is divided by 294?
23
What is the remainder when 7883970 is divided by 725?
320
What is the remainder when 883896 is divided by 294585?
141
Calculate the remainder when 126299059 is divided by 58.
57
Calculate the remainder when 31154 is divided by 29983.
1171
What is the remainder when 2454654 is divided by 390?
384
Calculate the remainder when 2492720 is divided by 741.
737
Calculate the remainder when 454028 is divided by 75624.
284
Calculate the remainder when 31881380 is divided by 1275255.
5
Calculate the remainder when 5786422 is divided by 516.
514
What is the remainder when 252109 is divided by 83997?
118
What is the remainder when 31280881 is divided by 24650?
31
What is the remainder when 73995 is divided by 12304?
171
What is the remainder when 1882414 is divided by 290?
24
What is the remainder when 72756538 is divided by 3188?
2
Calculate the remainder when 128577 is divided by 5356.
33
Calculate the remainder when 66611976 is divided by 566.
2
Calculate the remainder when 425242 is divided by 85047.
7
What is the remainder when 22815 is divided by 977?
344
Calculate the remainder when 1096463 is divided by 12049.
4
Calculate the remainder when 671396 is divided by 72.
68
Calculate the remainder when 2123704 is divided by 707900.
4
What is the remainder when 2405841 is divided by 639?
6
Calculate the remainder when 18879960 is divided by 431.
5
Calculate the remainder when 1907812 is divided by 25.
12
What is the remainder when 255412 is divided by 127134?
1144
Calculate the remainder when 700815 is divided by 17093.
2
Calculate the remainder when 293013 is divided by 2093.
2086
Calculate the remainder when 73526 is divided by 1036.
1006
Calculate the remainder when 25632510 is divided by 25632465.
45
What is the remainder when 3681509 is divided by 9?
5
Calculate the remainder when 126040 is divided by 3984.
2536
Calculate the remainder when 5067822 is divided by 2493.
2046
What is the remainder when 29523 is divided by 1043?
319
What is the remainder when 1671018 is divided by 679?
678
Calculate the remainder when 548160 is divided by 274065.
30
Calculate the remainder when 11535 is divided by 9997.
1538
Calculate the remainder when 23676309 is divided by 263.
260
Calculate the remainder when 232878927 is divided by 49.
8
What is the remainder when 24068765 is divided by 1027?
1020
Calculate the remainder when 34240090 is divided by 61.
58
Calculate the remainder when 6962029 is divided by 1126.
1097
What is the remainder when 39746415 is divided by 593?
590
What is the remainder when 6696 is divided by 181?
180
Calculate the remainder when 15256083 is divided by 7628036.
11
Calculate the remainder when 145432 is divided by 35574.
3136
Calculate the remainder when 176073985 is divided by 2001.
1993
What is the remainder when 1455416 is divided by 62?
28
What is the remainder when 938470329 is divided by 6367?
6364
What is the remainder when 24159139 is divided by 34?
31
Calculate the remainder when 68250936 is divided by 247286.
0
What is the remainder when 9945764 is divided by 9945681?
83
What is the remainder when 180145 is divided by 3?
1
What is the remainder when 29740626 is divided by 1818?
1782
Calculate the remainder when 104962406 is divided by 3498746.
26
What is the remainder when 1023864 is divided by 10892?
16
What is the remainder when 4781953 is divided by 4262?
4251
What is the remainder when 148121 is divided by 147942?
179
What is the remainder when 30578 is divided by 270?
68
What is the remainder when 21401671 is divided by 268?
263
What is the remainder when 204559 is divided by 51067?
291
Calculate the remainder when 26080 is divided by 2781.
1051
What is the remainder when 52745 is divided by 220?
165
What is the remainder when 29951 is divided by 29844?
107
What is the remainder when 540893 is divided by 21?
17
What is the remainder when 329681 is divided by 4994?
77
What is the remainder when 368227 is divided by 3506?
97
What is the remainder when 1294470 is divided by 440?
430
Calculate the remainder when 114075 is divided by 3949.
3503
What is the remainder when 1398966 is divided by 21?
9
What is the remainder when 48849254 is divided by 2765?
2764
What is the remainder when 47883 is divided by 9570?
33
What is the remainder when 81989960 is divided by 2057?
2054
Calculate the remainder when 10329110 is divided by 78.
38
Calculate the remainder when 277808 is divided by 2135.
258
What is the remainder when 3798874 is divided by 21?
16
Calculate the remainder when 36604360 is divided by 35.
30
Calculate the remainder when 2308760 is divided by 1509.
1499
What is the remainder when 129654 is divided by 343?
0
Calculate the remainder when 203494 is divided by 2262.
2176
Calculate the remainder when 1883804 is divided by 627931.
11
Calculate the remainder when 7062 is divided by 3418.
226
What is the remainder when 14773858 is divided by 981?
979
What is the remainder when 2709631 is divided by 1354531?
569
What is the remainder when 2392296 is divided by 224?
200
Calculate the remainder when 167341940 is divided by 507.
506
What is the remainder when 460624 is divided by 116?
104
What is the remainder when 25070068 is divided by 11207?
9
Calculate the remainder when 1971493 is divided by 4762.
25
What is the remainder when 34347 is divided by 16256?
1835
Calculate the remainder when 11977910 is divided by 614.
612
What is the remainder when 122766 is divided by 32?
14
What is the remainder when 23721172 is divided by 19?
14
Calculate the remainder when 12939631 is divided by 84.
19
What is the remainder when 2232073 is divided by 1515?
478
Calculate the remainder when 212066 is divided by 7.
1
Calculate the remainder when 76275243 is divided by 99.
0
What is the remainder when 87650808 is divided by 66807?
24
Calculate the remainder when 117697240 is divided by 78.
76
Calculate the remainder when 58527778 is divided by 15.
13
What is the remainder when 2511605 is divided by 1255753?
99
Calculate the remainder when 113218 is divided by 23.
12
What is the remainder when 244448 is divided by 24442?
28
Calculate the remainder when 16760342 is divided by 236061.
11
Calculate the remainder when 33987926 is divided by 1352.
1350
What is the remainder when 240732 is divided by 80156?
264
Calculate the remainder when 11851710 is divided by 31.
7
Calculate the remainder when 911960 is divided by 3881.
3806
Calculate the remainder when 18028355 is divided by 32.
3
Calculate the remainder when 3075890 is divided by 576.
50
What is the remainder when 7048549 is divided by 1525?
1524
Calculate the remainder when 36391 is divided by 9087.
43
Calculate the remainder when 9983804 is divided by 1996760.
4
What is the remainder when 6579911 is divided by 1138?
1133
Calculate the remainder when 33696 is divided by 6199.
2701
Calculate the remainder when 326981355 is divided by 40.
35
Calculate the remainder when 5093878 is divided by 203.
202
What is the remainder when 2105920 is divided by 586?
422
Calculate the remainder when 742444 is divided by 28.
24
Calculate the remainder when 191321942 is divided by 541.
538
Calculate the remainder when 85581728 is divided by 125.
103
What is the remainder when 12877055 is divided by 2484?
2483
What is the remainder when 1379845 is divided by 47?
19
What is the remainder when 60329459 is divided by 12?
11
What is the remainder when 66206 is divided by 66173?
33
What is the remainder when 47744881 is divided by 151571?
16
What is the remainder when 174143 is divided by 1528?
1479
Calculate the remainder when 42766077 is divided by 370.
367
